{"id":977,"date":"2020-12-01T09:02:55","date_gmt":"2020-12-01T16:02:55","guid":{"rendered":"https:\/\/sua.uacya-uaz.org\/?page_id=977"},"modified":"2025-10-21T12:22:23","modified_gmt":"2025-10-21T19:22:23","slug":"home","status":"publish","type":"page","link":"https:\/\/sua.uacya-uaz.org\/","title":{"rendered":"Inicio"},"content":{"rendered":"\t\t<div data-elementor-type=\"wp-page\" data-elementor-id=\"977\" class=\"elementor elementor-977\">\n\t\t\t\t\t\t<section class=\"elementor-section elementor-top-section elementor-element elementor-element-fd26c0d elementor-section-boxed elementor-section-height-default elementor-section-height-default\" data-id=\"fd26c0d\" data-element_type=\"section\">\n\t\t\t\t\t\t<div class=\"elementor-container elementor-column-gap-default\">\n\t\t\t\t\t<div class=\"elementor-column elementor-col-100 elementor-top-column elementor-element elementor-element-ea8173e\" data-id=\"ea8173e\" data-element_type=\"column\">\n\t\t\t<div class=\"elementor-widget-wrap elementor-element-populated\">\n\t\t\t\t\t\t<div class=\"elementor-element elementor-element-9734c77 elementor-widget elementor-widget-text-editor\" data-id=\"9734c77\" data-element_type=\"widget\" data-widget_type=\"text-editor.default\">\n\t\t\t\t<div class=\"elementor-widget-container\">\n\t\t\t\t\t\t\t\t\t<h6>\u00a0<\/h6><p>\u00a0<\/p>\t\t\t\t\t\t\t\t<\/div>\n\t\t\t\t<\/div>\n\t\t\t\t<div class=\"elementor-element elementor-element-0b9d73a elementor-widget elementor-widget-image\" data-id=\"0b9d73a\" data-element_type=\"widget\" data-widget_type=\"image.default\">\n\t\t\t\t<div class=\"elementor-widget-container\">\n\t\t\t\t\t\t\t\t\t\t\t\t\t\t\t<img fetchpriority=\"high\" decoding=\"async\" width=\"1200\" height=\"300\" src=\"https:\/\/sua.uacya-uaz.org\/wp-content\/uploads\/2025\/10\/Tira-Fondo-Blanco-web.png\" class=\"attachment-2048x2048 size-2048x2048 wp-image-1699\" alt=\"\" srcset=\"https:\/\/sua.uacya-uaz.org\/wp-content\/uploads\/2025\/10\/Tira-Fondo-Blanco-web.png 1200w, https:\/\/sua.uacya-uaz.org\/wp-content\/uploads\/2025\/10\/Tira-Fondo-Blanco-web-300x75.png 300w, https:\/\/sua.uacya-uaz.org\/wp-content\/uploads\/2025\/10\/Tira-Fondo-Blanco-web-1024x256.png 1024w, https:\/\/sua.uacya-uaz.org\/wp-content\/uploads\/2025\/10\/Tira-Fondo-Blanco-web-768x192.png 768w\" sizes=\"(max-width: 1200px) 100vw, 1200px\" \/>\t\t\t\t\t\t\t\t\t\t\t\t\t\t\t<\/div>\n\t\t\t\t<\/div>\n\t\t\t\t\t<\/div>\n\t\t<\/div>\n\t\t\t\t\t<\/div>\n\t\t<\/section>\n\t\t\t\t<section class=\"elementor-section elementor-top-section elementor-element elementor-element-3c1e0fc elementor-section-boxed elementor-section-height-default elementor-section-height-default\" data-id=\"3c1e0fc\" data-element_type=\"section\">\n\t\t\t\t\t\t<div class=\"elementor-container elementor-column-gap-default\">\n\t\t\t\t\t<div class=\"elementor-column elementor-col-25 elementor-top-column elementor-element elementor-element-03ec635\" data-id=\"03ec635\" data-element_type=\"column\">\n\t\t\t<div class=\"elementor-widget-wrap elementor-element-populated\">\n\t\t\t\t\t\t<div class=\"elementor-element elementor-element-eff3ddb elementor-widget elementor-widget-text-editor\" data-id=\"eff3ddb\" data-element_type=\"widget\" data-widget_type=\"text-editor.default\">\n\t\t\t\t<div class=\"elementor-widget-container\">\n\t\t\t\t\t\t\t\t\t<h4 style=\"text-align: center;\"><span style=\"color: #000080;\">Oficina Virtual<\/span><\/h4>\t\t\t\t\t\t\t\t<\/div>\n\t\t\t\t<\/div>\n\t\t\t\t<div class=\"elementor-element elementor-element-b2b4d28 elementor-widget elementor-widget-image\" data-id=\"b2b4d28\" data-element_type=\"widget\" data-widget_type=\"image.default\">\n\t\t\t\t<div class=\"elementor-widget-container\">\n\t\t\t\t\t\t\t\t\t\t\t\t\t\t\t\t<a href=\"https:\/\/meet.google.com\/fzq-ksnd-ems\">\n\t\t\t\t\t\t\t<img decoding=\"async\" width=\"1024\" height=\"585\" src=\"https:\/\/sua.uacya-uaz.org\/wp-content\/uploads\/2021\/08\/Oficina-Virtual-2-1024x585.png\" class=\"attachment-large size-large wp-image-1384\" alt=\"\" srcset=\"https:\/\/sua.uacya-uaz.org\/wp-content\/uploads\/2021\/08\/Oficina-Virtual-2-1024x585.png 1024w, https:\/\/sua.uacya-uaz.org\/wp-content\/uploads\/2021\/08\/Oficina-Virtual-2-300x171.png 300w, https:\/\/sua.uacya-uaz.org\/wp-content\/uploads\/2021\/08\/Oficina-Virtual-2-768x439.png 768w, https:\/\/sua.uacya-uaz.org\/wp-content\/uploads\/2021\/08\/Oficina-Virtual-2.png 1050w\" sizes=\"(max-width: 1024px) 100vw, 1024px\" \/>\t\t\t\t\t\t\t\t<\/a>\n\t\t\t\t\t\t\t\t\t\t\t\t\t\t\t<\/div>\n\t\t\t\t<\/div>\n\t\t\t\t<div class=\"elementor-element elementor-element-0408b33 elementor-widget elementor-widget-text-editor\" data-id=\"0408b33\" data-element_type=\"widget\" data-widget_type=\"text-editor.default\">\n\t\t\t\t<div class=\"elementor-widget-container\">\n\t\t\t\t\t\t\t\t\t<h5 style=\"text-align: center;\">S\u00e1bado de 10:00 a 13:00 horas<\/h5>\t\t\t\t\t\t\t\t<\/div>\n\t\t\t\t<\/div>\n\t\t\t\t\t<\/div>\n\t\t<\/div>\n\t\t\t\t<div class=\"elementor-column elementor-col-25 elementor-top-column elementor-element elementor-element-5fa6724\" data-id=\"5fa6724\" data-element_type=\"column\">\n\t\t\t<div class=\"elementor-widget-wrap elementor-element-populated\">\n\t\t\t\t\t\t<div class=\"elementor-element elementor-element-146ef93 elementor-widget elementor-widget-text-editor\" data-id=\"146ef93\" data-element_type=\"widget\" data-widget_type=\"text-editor.default\">\n\t\t\t\t<div class=\"elementor-widget-container\">\n\t\t\t\t\t\t\t\t\t<h4 style=\"text-align: center;\"><a href=\"https:\/\/sua.uacya-uaz.org\/?page_id=1163\"><span style=\"color: #000080;\">Tr\u00e1mites y Servicios<\/span><\/a><\/h4>\t\t\t\t\t\t\t\t<\/div>\n\t\t\t\t<\/div>\n\t\t\t\t<div class=\"elementor-element elementor-element-d18e6b1 elementor-widget elementor-widget-image\" data-id=\"d18e6b1\" data-element_type=\"widget\" data-widget_type=\"image.default\">\n\t\t\t\t<div class=\"elementor-widget-container\">\n\t\t\t\t\t\t\t\t\t\t\t\t\t\t\t\t<a href=\"https:\/\/sua.uacya-uaz.org\/?page_id=1163\">\n\t\t\t\t\t\t\t<img decoding=\"async\" width=\"1024\" height=\"576\" src=\"https:\/\/sua.uacya-uaz.org\/wp-content\/uploads\/2021\/04\/tramites-1024x576.png\" class=\"attachment-large size-large wp-image-1168\" alt=\"\" srcset=\"https:\/\/sua.uacya-uaz.org\/wp-content\/uploads\/2021\/04\/tramites-1024x576.png 1024w, https:\/\/sua.uacya-uaz.org\/wp-content\/uploads\/2021\/04\/tramites-300x169.png 300w, https:\/\/sua.uacya-uaz.org\/wp-content\/uploads\/2021\/04\/tramites-768x432.png 768w, https:\/\/sua.uacya-uaz.org\/wp-content\/uploads\/2021\/04\/tramites.png 1308w\" sizes=\"(max-width: 1024px) 100vw, 1024px\" \/>\t\t\t\t\t\t\t\t<\/a>\n\t\t\t\t\t\t\t\t\t\t\t\t\t\t\t<\/div>\n\t\t\t\t<\/div>\n\t\t\t\t<div class=\"elementor-element elementor-element-f47551b elementor-widget elementor-widget-text-editor\" data-id=\"f47551b\" data-element_type=\"widget\" data-widget_type=\"text-editor.default\">\n\t\t\t\t<div class=\"elementor-widget-container\">\n\t\t\t\t\t\t\t\t\t<p style=\"text-align: center;\">Constancias de estudio<\/p>\t\t\t\t\t\t\t\t<\/div>\n\t\t\t\t<\/div>\n\t\t\t\t\t<\/div>\n\t\t<\/div>\n\t\t\t\t<div class=\"elementor-column elementor-col-25 elementor-top-column elementor-element elementor-element-8099150\" data-id=\"8099150\" data-element_type=\"column\">\n\t\t\t<div class=\"elementor-widget-wrap elementor-element-populated\">\n\t\t\t\t\t\t<div class=\"elementor-element elementor-element-7766b5e elementor-widget elementor-widget-text-editor\" data-id=\"7766b5e\" data-element_type=\"widget\" data-widget_type=\"text-editor.default\">\n\t\t\t\t<div class=\"elementor-widget-container\">\n\t\t\t\t\t\t\t\t\t<h4 style=\"text-align: center;\"><a href=\"https:\/\/sua.uacya-uaz.org\/?page_id=1115(abre en una nueva pesta\u00f1a)\" data-wplink-url-error=\"true\"><span style=\"color: #000080;\">Nuevo Ingreso<\/span><\/a><\/h4>\t\t\t\t\t\t\t\t<\/div>\n\t\t\t\t<\/div>\n\t\t\t\t<div class=\"elementor-element elementor-element-a7cea00 elementor-widget elementor-widget-image\" data-id=\"a7cea00\" data-element_type=\"widget\" data-widget_type=\"image.default\">\n\t\t\t\t<div class=\"elementor-widget-container\">\n\t\t\t\t\t\t\t\t\t\t\t\t\t\t\t\t<a href=\"https:\/\/sua.uacya-uaz.org\/?page_id=1115(abre%20en%20una%20nueva%20pesta%C3%B1a)\">\n\t\t\t\t\t\t\t<img loading=\"lazy\" decoding=\"async\" width=\"1024\" height=\"585\" src=\"https:\/\/sua.uacya-uaz.org\/wp-content\/uploads\/2025\/02\/Convocatoria-2025-1024x585.png\" class=\"attachment-large size-large wp-image-1664\" alt=\"\" srcset=\"https:\/\/sua.uacya-uaz.org\/wp-content\/uploads\/2025\/02\/Convocatoria-2025-1024x585.png 1024w, https:\/\/sua.uacya-uaz.org\/wp-content\/uploads\/2025\/02\/Convocatoria-2025-300x171.png 300w, https:\/\/sua.uacya-uaz.org\/wp-content\/uploads\/2025\/02\/Convocatoria-2025-768x439.png 768w, https:\/\/sua.uacya-uaz.org\/wp-content\/uploads\/2025\/02\/Convocatoria-2025.png 1050w\" sizes=\"(max-width: 1024px) 100vw, 1024px\" \/>\t\t\t\t\t\t\t\t<\/a>\n\t\t\t\t\t\t\t\t\t\t\t\t\t\t\t<\/div>\n\t\t\t\t<\/div>\n\t\t\t\t<div class=\"elementor-element elementor-element-e7a8a59 elementor-widget elementor-widget-text-editor\" data-id=\"e7a8a59\" data-element_type=\"widget\" data-widget_type=\"text-editor.default\">\n\t\t\t\t<div class=\"elementor-widget-container\">\n\t\t\t\t\t\t\t\t\t<p style=\"text-align: center;\"><a href=\"https:\/\/forms.gle\/Aci1jzmtHkAMoHRt8\">PREINSCRIBETE AQU\u00cd<\/a><br \/>Antes del 18 de mayo de 2025<\/p>\t\t\t\t\t\t\t\t<\/div>\n\t\t\t\t<\/div>\n\t\t\t\t\t<\/div>\n\t\t<\/div>\n\t\t\t\t<div class=\"elementor-column elementor-col-25 elementor-top-column elementor-element elementor-element-5ae53a6\" data-id=\"5ae53a6\" data-element_type=\"column\">\n\t\t\t<div class=\"elementor-widget-wrap elementor-element-populated\">\n\t\t\t\t\t\t<div class=\"elementor-element elementor-element-e24a4be elementor-widget elementor-widget-text-editor\" data-id=\"e24a4be\" data-element_type=\"widget\" data-widget_type=\"text-editor.default\">\n\t\t\t\t<div class=\"elementor-widget-container\">\n\t\t\t\t\t\t\t\t\t<h4 style=\"text-align: center;\"><span style=\"color: #000080;\">Eval\u00faa a tu Profesor<\/span><\/h4>\t\t\t\t\t\t\t\t<\/div>\n\t\t\t\t<\/div>\n\t\t\t\t<div class=\"elementor-element elementor-element-d51df6d elementor-widget elementor-widget-image\" data-id=\"d51df6d\" data-element_type=\"widget\" data-widget_type=\"image.default\">\n\t\t\t\t<div class=\"elementor-widget-container\">\n\t\t\t\t\t\t\t\t\t\t\t\t\t\t\t\t<a href=\"https:\/\/sites.google.com\/unizacatecas.edu.mx\/evaluaciondocente\">\n\t\t\t\t\t\t\t<img loading=\"lazy\" decoding=\"async\" width=\"1024\" height=\"585\" src=\"https:\/\/sua.uacya-uaz.org\/wp-content\/uploads\/2021\/12\/Evalua-profe-1024x585.png\" class=\"attachment-large size-large wp-image-1464\" alt=\"\" srcset=\"https:\/\/sua.uacya-uaz.org\/wp-content\/uploads\/2021\/12\/Evalua-profe-1024x585.png 1024w, https:\/\/sua.uacya-uaz.org\/wp-content\/uploads\/2021\/12\/Evalua-profe-300x171.png 300w, https:\/\/sua.uacya-uaz.org\/wp-content\/uploads\/2021\/12\/Evalua-profe-768x439.png 768w, https:\/\/sua.uacya-uaz.org\/wp-content\/uploads\/2021\/12\/Evalua-profe.png 1050w\" sizes=\"(max-width: 1024px) 100vw, 1024px\" \/>\t\t\t\t\t\t\t\t<\/a>\n\t\t\t\t\t\t\t\t\t\t\t\t\t\t\t<\/div>\n\t\t\t\t<\/div>\n\t\t\t\t<div class=\"elementor-element elementor-element-c0490fe elementor-widget elementor-widget-text-editor\" data-id=\"c0490fe\" data-element_type=\"widget\" data-widget_type=\"text-editor.default\">\n\t\t\t\t<div class=\"elementor-widget-container\">\n\t\t\t\t\t\t\t\t\t<p style=\"text-align: center;\">Evaluar al profesor permite mejorar la capacitaci\u00f3n y obtener mejores resultados<\/p>\t\t\t\t\t\t\t\t<\/div>\n\t\t\t\t<\/div>\n\t\t\t\t\t<\/div>\n\t\t<\/div>\n\t\t\t\t\t<\/div>\n\t\t<\/section>\n\t\t\t\t<section class=\"elementor-section elementor-top-section elementor-element elementor-element-f704093 elementor-section-boxed elementor-section-height-default elementor-section-height-default\" data-id=\"f704093\" data-element_type=\"section\">\n\t\t\t\t\t\t<div class=\"elementor-container elementor-column-gap-default\">\n\t\t\t\t\t<div class=\"elementor-column elementor-col-25 elementor-top-column elementor-element elementor-element-ca101cb\" data-id=\"ca101cb\" data-element_type=\"column\">\n\t\t\t<div class=\"elementor-widget-wrap elementor-element-populated\">\n\t\t\t\t\t\t<div class=\"elementor-element elementor-element-78debc8 elementor-widget elementor-widget-text-editor\" data-id=\"78debc8\" data-element_type=\"widget\" data-widget_type=\"text-editor.default\">\n\t\t\t\t<div class=\"elementor-widget-container\">\n\t\t\t\t\t\t\t\t\t<h4 style=\"text-align: center;\"><span style=\"color: #000080;\">Informaci\u00f3n General<\/span><\/h4>\t\t\t\t\t\t\t\t<\/div>\n\t\t\t\t<\/div>\n\t\t\t\t<div class=\"elementor-element elementor-element-fd97765 elementor-widget elementor-widget-image\" data-id=\"fd97765\" data-element_type=\"widget\" data-widget_type=\"image.default\">\n\t\t\t\t<div class=\"elementor-widget-container\">\n\t\t\t\t\t\t\t\t\t\t\t\t\t\t\t\t<a href=\"https:\/\/meet.google.com\/fzq-ksnd-ems\">\n\t\t\t\t\t\t\t<img loading=\"lazy\" decoding=\"async\" width=\"576\" height=\"1024\" src=\"https:\/\/sua.uacya-uaz.org\/wp-content\/uploads\/2025\/10\/SUA-01-2026-576x1024.png\" class=\"attachment-large size-large wp-image-1704\" alt=\"\" srcset=\"https:\/\/sua.uacya-uaz.org\/wp-content\/uploads\/2025\/10\/SUA-01-2026-576x1024.png 576w, https:\/\/sua.uacya-uaz.org\/wp-content\/uploads\/2025\/10\/SUA-01-2026-169x300.png 169w, https:\/\/sua.uacya-uaz.org\/wp-content\/uploads\/2025\/10\/SUA-01-2026.png 720w\" sizes=\"(max-width: 576px) 100vw, 576px\" \/>\t\t\t\t\t\t\t\t<\/a>\n\t\t\t\t\t\t\t\t\t\t\t\t\t\t\t<\/div>\n\t\t\t\t<\/div>\n\t\t\t\t\t<\/div>\n\t\t<\/div>\n\t\t\t\t<div class=\"elementor-column elementor-col-25 elementor-top-column elementor-element elementor-element-d86315b\" data-id=\"d86315b\" data-element_type=\"column\">\n\t\t\t<div class=\"elementor-widget-wrap elementor-element-populated\">\n\t\t\t\t\t\t<div class=\"elementor-element elementor-element-327b1a2 elementor-widget elementor-widget-text-editor\" data-id=\"327b1a2\" data-element_type=\"widget\" data-widget_type=\"text-editor.default\">\n\t\t\t\t<div class=\"elementor-widget-container\">\n\t\t\t\t\t\t\t\t\t<h4 style=\"text-align: center;\"><span style=\"color: #000080;\">Estrategia Educativa<\/span><\/h4>\t\t\t\t\t\t\t\t<\/div>\n\t\t\t\t<\/div>\n\t\t\t\t<div class=\"elementor-element elementor-element-a979c08 elementor-widget elementor-widget-image\" data-id=\"a979c08\" data-element_type=\"widget\" data-widget_type=\"image.default\">\n\t\t\t\t<div class=\"elementor-widget-container\">\n\t\t\t\t\t\t\t\t\t\t\t\t\t\t\t\t<a href=\"https:\/\/sua.uacya-uaz.org\/?page_id=1163\">\n\t\t\t\t\t\t\t<img loading=\"lazy\" decoding=\"async\" width=\"576\" height=\"1024\" src=\"https:\/\/sua.uacya-uaz.org\/wp-content\/uploads\/2025\/02\/sua-2a-576x1024.jpg\" class=\"attachment-large size-large wp-image-1682\" alt=\"\" srcset=\"https:\/\/sua.uacya-uaz.org\/wp-content\/uploads\/2025\/02\/sua-2a-576x1024.jpg 576w, https:\/\/sua.uacya-uaz.org\/wp-content\/uploads\/2025\/02\/sua-2a-169x300.jpg 169w, https:\/\/sua.uacya-uaz.org\/wp-content\/uploads\/2025\/02\/sua-2a.jpg 720w\" sizes=\"(max-width: 576px) 100vw, 576px\" \/>\t\t\t\t\t\t\t\t<\/a>\n\t\t\t\t\t\t\t\t\t\t\t\t\t\t\t<\/div>\n\t\t\t\t<\/div>\n\t\t\t\t\t<\/div>\n\t\t<\/div>\n\t\t\t\t<div class=\"elementor-column elementor-col-25 elementor-top-column elementor-element elementor-element-68aa370\" data-id=\"68aa370\" data-element_type=\"column\">\n\t\t\t<div class=\"elementor-widget-wrap elementor-element-populated\">\n\t\t\t\t\t\t<div class=\"elementor-element elementor-element-7a2518a elementor-widget elementor-widget-text-editor\" data-id=\"7a2518a\" data-element_type=\"widget\" data-widget_type=\"text-editor.default\">\n\t\t\t\t<div class=\"elementor-widget-container\">\n\t\t\t\t\t\t\t\t\t<h4 style=\"text-align: center;\"><span style=\"color: #000080;\">Curso de Nivelaci\u00f3n<\/span><\/h4>\t\t\t\t\t\t\t\t<\/div>\n\t\t\t\t<\/div>\n\t\t\t\t<div class=\"elementor-element elementor-element-7499c2c elementor-widget elementor-widget-image\" data-id=\"7499c2c\" data-element_type=\"widget\" data-widget_type=\"image.default\">\n\t\t\t\t<div class=\"elementor-widget-container\">\n\t\t\t\t\t\t\t\t\t\t\t\t\t\t\t\t<a href=\"https:\/\/sua.uacya-uaz.org\/?page_id=1115(abre%20en%20una%20nueva%20pesta%C3%B1a)\">\n\t\t\t\t\t\t\t<img loading=\"lazy\" decoding=\"async\" width=\"576\" height=\"1024\" src=\"https:\/\/sua.uacya-uaz.org\/wp-content\/uploads\/2025\/10\/SUA-04-2026-576x1024.png\" class=\"attachment-large size-large wp-image-1703\" alt=\"\" srcset=\"https:\/\/sua.uacya-uaz.org\/wp-content\/uploads\/2025\/10\/SUA-04-2026-576x1024.png 576w, https:\/\/sua.uacya-uaz.org\/wp-content\/uploads\/2025\/10\/SUA-04-2026-169x300.png 169w, https:\/\/sua.uacya-uaz.org\/wp-content\/uploads\/2025\/10\/SUA-04-2026-768x1365.png 768w, https:\/\/sua.uacya-uaz.org\/wp-content\/uploads\/2025\/10\/SUA-04-2026-864x1536.png 864w, https:\/\/sua.uacya-uaz.org\/wp-content\/uploads\/2025\/10\/SUA-04-2026.png 1080w\" sizes=\"(max-width: 576px) 100vw, 576px\" \/>\t\t\t\t\t\t\t\t<\/a>\n\t\t\t\t\t\t\t\t\t\t\t\t\t\t\t<\/div>\n\t\t\t\t<\/div>\n\t\t\t\t\t<\/div>\n\t\t<\/div>\n\t\t\t\t<div class=\"elementor-column elementor-col-25 elementor-top-column elementor-element elementor-element-dfa274c\" data-id=\"dfa274c\" data-element_type=\"column\">\n\t\t\t<div class=\"elementor-widget-wrap elementor-element-populated\">\n\t\t\t\t\t\t<div class=\"elementor-element elementor-element-d31a318 elementor-widget elementor-widget-text-editor\" data-id=\"d31a318\" data-element_type=\"widget\" data-widget_type=\"text-editor.default\">\n\t\t\t\t<div class=\"elementor-widget-container\">\n\t\t\t\t\t\t\t\t\t<h4 style=\"text-align: center;\"><span style=\"color: #000080;\">Fechas Importantes<\/span><\/h4>\t\t\t\t\t\t\t\t<\/div>\n\t\t\t\t<\/div>\n\t\t\t\t<div class=\"elementor-element elementor-element-135bea3 elementor-widget elementor-widget-image\" data-id=\"135bea3\" data-element_type=\"widget\" data-widget_type=\"image.default\">\n\t\t\t\t<div class=\"elementor-widget-container\">\n\t\t\t\t\t\t\t\t\t\t\t\t\t\t\t\t<a href=\"https:\/\/sites.google.com\/unizacatecas.edu.mx\/evaluaciondocente\">\n\t\t\t\t\t\t\t<img loading=\"lazy\" decoding=\"async\" width=\"576\" height=\"1024\" src=\"https:\/\/sua.uacya-uaz.org\/wp-content\/uploads\/2025\/10\/SUA-03-8.5-x-11-in-576x1024.png\" class=\"attachment-large size-large wp-image-1702\" alt=\"\" srcset=\"https:\/\/sua.uacya-uaz.org\/wp-content\/uploads\/2025\/10\/SUA-03-8.5-x-11-in-576x1024.png 576w, https:\/\/sua.uacya-uaz.org\/wp-content\/uploads\/2025\/10\/SUA-03-8.5-x-11-in-169x300.png 169w, https:\/\/sua.uacya-uaz.org\/wp-content\/uploads\/2025\/10\/SUA-03-8.5-x-11-in-768x1365.png 768w, https:\/\/sua.uacya-uaz.org\/wp-content\/uploads\/2025\/10\/SUA-03-8.5-x-11-in-864x1536.png 864w, https:\/\/sua.uacya-uaz.org\/wp-content\/uploads\/2025\/10\/SUA-03-8.5-x-11-in.png 1080w\" sizes=\"(max-width: 576px) 100vw, 576px\" \/>\t\t\t\t\t\t\t\t<\/a>\n\t\t\t\t\t\t\t\t\t\t\t\t\t\t\t<\/div>\n\t\t\t\t<\/div>\n\t\t\t\t\t<\/div>\n\t\t<\/div>\n\t\t\t\t\t<\/div>\n\t\t<\/section>\n\t\t\t\t<section class=\"elementor-section elementor-top-section elementor-element elementor-element-c9b2f52 elementor-section-boxed elementor-section-height-default elementor-section-height-default\" data-id=\"c9b2f52\" data-element_type=\"section\">\n\t\t\t\t\t\t<div class=\"elementor-container elementor-column-gap-default\">\n\t\t\t\t\t<div class=\"elementor-column elementor-col-50 elementor-top-column elementor-element elementor-element-dffe1ef\" data-id=\"dffe1ef\" data-element_type=\"column\">\n\t\t\t<div class=\"elementor-widget-wrap elementor-element-populated\">\n\t\t\t\t\t\t<div class=\"elementor-element elementor-element-ae80092 elementor-widget elementor-widget-image\" data-id=\"ae80092\" data-element_type=\"widget\" data-widget_type=\"image.default\">\n\t\t\t\t<div class=\"elementor-widget-container\">\n\t\t\t\t\t\t\t\t\t\t\t\t\t\t\t\t<a href=\"http:\/\/ceii.uaz.edu.mx\/FichasPago\/\">\n\t\t\t\t\t\t\t<img loading=\"lazy\" decoding=\"async\" width=\"1024\" height=\"123\" src=\"https:\/\/sua.uacya-uaz.org\/wp-content\/uploads\/2021\/08\/pago-referenciado-1024x123.jpg\" class=\"attachment-large size-large wp-image-1376\" alt=\"\" srcset=\"https:\/\/sua.uacya-uaz.org\/wp-content\/uploads\/2021\/08\/pago-referenciado-1024x123.jpg 1024w, https:\/\/sua.uacya-uaz.org\/wp-content\/uploads\/2021\/08\/pago-referenciado-300x36.jpg 300w, https:\/\/sua.uacya-uaz.org\/wp-content\/uploads\/2021\/08\/pago-referenciado-768x92.jpg 768w, https:\/\/sua.uacya-uaz.org\/wp-content\/uploads\/2021\/08\/pago-referenciado-1536x184.jpg 1536w, https:\/\/sua.uacya-uaz.org\/wp-content\/uploads\/2021\/08\/pago-referenciado-2048x246.jpg 2048w\" sizes=\"(max-width: 1024px) 100vw, 1024px\" \/>\t\t\t\t\t\t\t\t<\/a>\n\t\t\t\t\t\t\t\t\t\t\t\t\t\t\t<\/div>\n\t\t\t\t<\/div>\n\t\t\t\t\t<\/div>\n\t\t<\/div>\n\t\t\t\t<div class=\"elementor-column elementor-col-50 elementor-top-column elementor-element elementor-element-6a8ecaf\" data-id=\"6a8ecaf\" data-element_type=\"column\">\n\t\t\t<div class=\"elementor-widget-wrap elementor-element-populated\">\n\t\t\t\t\t\t<div class=\"elementor-element elementor-element-86df14d elementor-widget elementor-widget-image\" data-id=\"86df14d\" data-element_type=\"widget\" data-widget_type=\"image.default\">\n\t\t\t\t<div class=\"elementor-widget-container\">\n\t\t\t\t\t\t\t\t\t\t\t\t\t\t\t\t<a href=\"http:\/\/fca.uaz.edu.mx\/index.php?menu=ulc\">\n\t\t\t\t\t\t\t<img loading=\"lazy\" decoding=\"async\" width=\"1024\" height=\"123\" src=\"https:\/\/sua.uacya-uaz.org\/wp-content\/uploads\/2021\/12\/Unidades-didacticas-de-Aprendizaje-1024x123.png\" class=\"attachment-large size-large wp-image-1465\" alt=\"\" srcset=\"https:\/\/sua.uacya-uaz.org\/wp-content\/uploads\/2021\/12\/Unidades-didacticas-de-Aprendizaje-1024x123.png 1024w, https:\/\/sua.uacya-uaz.org\/wp-content\/uploads\/2021\/12\/Unidades-didacticas-de-Aprendizaje-300x36.png 300w, https:\/\/sua.uacya-uaz.org\/wp-content\/uploads\/2021\/12\/Unidades-didacticas-de-Aprendizaje-768x92.png 768w, https:\/\/sua.uacya-uaz.org\/wp-content\/uploads\/2021\/12\/Unidades-didacticas-de-Aprendizaje-1536x184.png 1536w, https:\/\/sua.uacya-uaz.org\/wp-content\/uploads\/2021\/12\/Unidades-didacticas-de-Aprendizaje-2048x246.png 2048w\" sizes=\"(max-width: 1024px) 100vw, 1024px\" \/>\t\t\t\t\t\t\t\t<\/a>\n\t\t\t\t\t\t\t\t\t\t\t\t\t\t\t<\/div>\n\t\t\t\t<\/div>\n\t\t\t\t\t<\/div>\n\t\t<\/div>\n\t\t\t\t\t<\/div>\n\t\t<\/section>\n\t\t\t\t<\/div>\n\t\t","protected":false},"excerpt":{"rendered":"<p>\u00a0 \u00a0 Oficina Virtual S\u00e1bado de 10:00 a 13:00 horas Tr\u00e1mites y Servicios Constancias de estudio Nuevo Ingreso PREINSCRIBETE AQU\u00cdAntes del 18 de mayo de 2025 Eval\u00faa a tu Profesor Evaluar al profesor permite mejorar la capacitaci\u00f3n y obtener mejores resultados Informaci\u00f3n General Estrategia Educativa Curso de Nivelaci\u00f3n Fechas Importantes<\/p>\n","protected":false},"author":1,"featured_media":0,"parent":0,"menu_order":0,"comment_status":"closed","ping_status":"closed","template":"elementor_header_footer","meta":{"site-sidebar-layout":"no-sidebar","site-content-layout":"page-builder","ast-global-header-display":"","ast-main-header-display":"","ast-hfb-above-header-display":"","ast-hfb-below-header-display":"","ast-hfb-mobile-header-display":"","site-post-title":"disabled","ast-breadcrumbs-content":"","ast-featured-img":"disabled","footer-sml-layout":"disabled","theme-transparent-header-meta":"enabled","adv-header-id-meta":"","stick-header-meta":"","header-above-stick-meta":"","header-main-stick-meta":"","header-below-stick-meta":"","footnotes":""},"class_list":["post-977","page","type-page","status-publish","hentry"],"_links":{"self":[{"href":"https:\/\/sua.uacya-uaz.org\/index.php?rest_route=\/wp\/v2\/pages\/977","targetHints":{"allow":["GET"]}}],"collection":[{"href":"https:\/\/sua.uacya-uaz.org\/index.php?rest_route=\/wp\/v2\/pages"}],"about":[{"href":"https:\/\/sua.uacya-uaz.org\/index.php?rest_route=\/wp\/v2\/types\/page"}],"author":[{"embeddable":true,"href":"https:\/\/sua.uacya-uaz.org\/index.php?rest_route=\/wp\/v2\/users\/1"}],"replies":[{"embeddable":true,"href":"https:\/\/sua.uacya-uaz.org\/index.php?rest_route=%2Fwp%2Fv2%2Fcomments&post=977"}],"version-history":[{"count":291,"href":"https:\/\/sua.uacya-uaz.org\/index.php?rest_route=\/wp\/v2\/pages\/977\/revisions"}],"predecessor-version":[{"id":1707,"href":"https:\/\/sua.uacya-uaz.org\/index.php?rest_route=\/wp\/v2\/pages\/977\/revisions\/1707"}],"wp:attachment":[{"href":"https:\/\/sua.uacya-uaz.org\/index.php?rest_route=%2Fwp%2Fv2%2Fmedia&parent=977"}],"curies":[{"name":"wp","href":"https:\/\/api.w.org\/{rel}","templated":true}]}}